t common factor of 9 and 1557.
9
Calculate the highest common factor of 25 and 3775.
25
Calculate the highest common factor of 4 and 35.
1
Calculate the greatest common factor of 904 and 8.
8
Calculate the greatest common factor of 171 and 45.
9
Calculate the highest common divisor of 200 and 40.
40
What is the highest common divisor of 2673 and 11?
11
Calculate the highest common divisor of 2395 and 35.
5
Calculate the greatest common factor of 1600 and 24.
8
Calculate the highest common divisor of 60 and 630.
30
What is the greatest common divisor of 1079 and 166?
83
Calculate the highest common factor of 49 and 14.
7
What is the highest common factor of 16 and 472?
8
Calculate the greatest common factor of 108 and 3456.
108
What is the highest common factor of 256 and 464?
16
Calculate the highest common divisor of 441 and 18.
9
Calculate the greatest common factor of 10731 and 98.
49
What is the greatest common factor of 16 and 176?
16
Calculate the highest common factor of 72 and 80424.
72
What is the highest common factor of 134 and 737?
67
What is the highest common factor of 32 and 512?
32
What is the highest common factor of 3887 and 65?
13
Calculate the greatest common factor of 1744 and 112.
16
What is the highest common divisor of 510 and 54825?
255
What is the greatest common factor of 16416 and 72?
72
What is the greatest common divisor of 8 and 8?
8
Calculate the greatest common divisor of 13772 and 11.
11
Calculate the highest common divisor of 84 and 378.
42
What is the greatest common divisor of 979 and 178?
89
What is the greatest common divisor of 7150 and 78?
26
What is the greatest common factor of 56 and 21?
7
What is the greatest common factor of 2410 and 10?
10
What is the highest common factor of 251 and 28363?
251
Calculate the greatest common factor of 12 and 7020.
12
Calculate the highest common factor of 2 and 11.
1
Calculate the greatest common divisor of 407 and 1591.
37
What is the greatest common divisor of 325 and 169?
13
Calculate the highest common factor of 1260 and 480.
60
What is the highest common divisor of 188 and 16?
4
What is the greatest common divisor of 1306 and 4?
2
What is the greatest common factor of 253 and 15939?
253
Calculate the greatest common factor of 29 and 783.
29
Calculate the highest common divisor of 260 and 1196.
52
Calculate the greatest common divisor of 68864 and 269.
269
What is the greatest common divisor of 5250 and 70?
70
Calculate the greatest common factor of 32 and 536.
8
What is the greatest common divisor of 323 and 153?
17
Calculate the greatest common factor of 195 and 117.
39
What is the highest common divisor of 775 and 50?
25
Calculate the greatest common divisor of 1582 and 168.
14
Calculate the greatest common divisor of 222 and 72.
6
What is the highest common factor of 591 and 5516?
197
Calculate the greatest common factor of 5780 and 20.
20
Calculate the greatest common factor of 49 and 56.
7
Calculate the highest common divisor of 1121 and 38.
19
What is the greatest common factor of 75 and 58900?
25
What is the highest common divisor of 296 and 712?
8
Calculate the highest common factor of 32 and 192.
32
Calculate the highest common divisor of 42 and 994.
14
What is the greatest common factor of 2983 and 19?
19
Calculate the greatest common factor of 42 and 42.
42
Calculate the greatest common factor of 1029 and 5831.
343
Calculate the highest common factor of 276 and 2852.
92
Calculate the greatest common divisor of 564 and 3572.
188
Calculate the greatest common factor of 979 and 178.
89
Calculate the highest common divisor of 1975 and 15.
5
Calculate the highest common factor of 91 and 832.
13
Calculate the highest common divisor of 3749 and 489.
163
Calculate the greatest common factor of 7772 and 348.
116
What is the highest common divisor of 49 and 6419?
49
What is the greatest common factor of 11 and 16027?
11
What is the greatest common factor of 1326 and 408?
102
Calculate the highest common factor of 328 and 584.
8
Calculate the highest common divisor of 1525 and 671.
61
What is the highest common divisor of 196 and 196?
196
What is the greatest common divisor of 84 and 1806?
42
What is the greatest common divisor of 714 and 42?
42
Calculate the greatest common divisor of 1122 and 102.
102
Calculate the highest common divisor of 16 and 204.
4
Calculate the greatest common divisor of 66 and 8646.
66
Calculate the highest common factor of 48 and 256.
16
What is the highest common divisor of 176 and 836?
44
What is the greatest common factor of 115 and 1127?
23
What is the greatest common factor of 225 and 5025?
75
What is the highest common factor of 171 and 53523?
171
What is the greatest common factor of 40 and 95?
5
Calculate the greatest common divisor of 264 and 60.
12
Calculate the highest common divisor of 45085 and 355.
355
What is the highest common divisor of 872 and 232?
8
Calculate the highest common divisor of 36 and 270.
18
Calculate the greatest common factor of 108 and 24.
12
Calculate the greatest common factor of 40 and 132280.
40
What is the greatest common factor of 3690 and 451?
41
Calculate the highest common divisor of 918 and 54.
54
What is the highest common factor of 360 and 240?
120
Calculate the highest common factor of 133 and 15865.
19
What is the greatest common factor of 2448 and 18?
18
What is the highest common factor of 20988 and 44?
44
What is the highest common divisor of 2465 and 85?
85
Calculate the greatest common factor of 253 and 44.
11
What is the highest common factor of 2501 and 41?
41
What is the greatest common divisor of 58 and 261?
29
What is the highest common divisor of 63 and 567?
63
Calculate the highest common factor of 18 and 243.
9
What is the greatest common divisor of 345 and 60?
15
Calculate the highest common divisor of 6532 and 568.
284
What is the highest common divisor of 5 and 41?
1
What is the highest common factor of 4323 and 11?
11
What is the greatest common factor of 2120 and 10?
10
What is the highest common divisor of 16 and 2124?
4
Calculate the highest common factor of 288 and 64.
32
Calculate the greatest common divisor of 228 and 76.
76
What is the highest common divisor of 832 and 13?
13
Calculate the highest common divisor of 7 and 1799.
7
What is the greatest common factor of 152 and 102296?
152
What is the greatest common divisor of 4460 and 40?
20
What is the greatest common divisor of 506 and 44?
22
Calculate the greatest common factor of 221 and 91.
13
What is the highest common divisor of 28152 and 204?
204
Calculate the highest common factor of 2838 and 330.
66
What is the greatest common divisor of 43 and 43?
43
What is the greatest common factor of 12 and 20?
4
Calculate the greatest common divisor of 14 and 32.
2
What is the highest common factor of 735 and 1029?
147
What is the greatest common factor of 45 and 405?
45
Calculate the highest common factor of 186 and 42.
6
Calculate the highest common divisor of 950 and 2090.
190
What is the highest common divisor of 2074 and 366?
122
What is the greatest common divisor of 22797 and 306?
153
Calculate the greatest common divisor of 24 and 3.
3
What is the greatest common divisor of 1275 and 50?
25
What is the greatest common divisor of 67 and 1273?
67
What is the highest common factor of 225 and 20?
5
What is the highest common factor of 297 and 132?
33
What is the highest common divisor of 42 and 2268?
42
What is the greatest common divisor of 120 and 1380?
60
What is the greatest common factor of 1254 and 912?
114
What is the highest common divisor of 6292 and 52?
52
What is the greatest common divisor of 84 and 231?
21
Calculate the highest common divisor of 91 and 5265.
13
What is the greatest common divisor of 3026 and 34?
34
What is the greatest common divisor of 413 and 203?
7
Calculate the greatest common factor of 72 and 174.
6
Calculate the greatest common divisor of 2 and 314.
2
What is the highest common factor of 93 and 6?
3
Calculate the highest common divisor of 189 and 21.
21
Calculate the greatest common divisor of 12629 and 173.
173
Calculate the greatest common divisor of 27 and 90.
9
What is the greatest common factor of 2 and 11?
1
What is the greatest common divisor of 530 and 75?
5
What 